git of a?
4
What is the tens digit of 852/15 + 1/5?
5
Let p be 0 - (-5 + (1 - 0)). Suppose s + 0 = p. What is the units digit of s?
4
Let h(w) = -w**3 + 7*w**2 - 6*w. Let v be h(4). Suppose v = 2*f - 14. What is the tens digit of f?
1
Suppose 0 = -6*x + 2*x + 8. Suppose -x*n = 2 - 0. Let h = 2 + n. What is the units digit of h?
1
Suppose -1 = 5*k - 26. Let p = k - 8. What is the units digit of 2 + p + 2 + 0?
1
Suppose -4*t + j + 41 = -17, 10 = -5*j. Let q = t + -28. What is the tens digit of -3 + 0 - (q - 0)?
1
Let q be 1 - -2 - (-12)/12. Suppose -4*u = -2*v + 6*v - q, u - 7 = -2*v. What is the units digit of v?
6
Let m(k) be the first derivative of k**5/60 + k**4/12 - k**3/6 + k**2 + 2. Let q(x) be the second derivative of m(x). What is the units digit of q(-4)?
7
Suppose 4*k = 27 + 9. What is the units digit of k?
9
Let f = -133 + 209. Suppose 5*u = 9 + f. What is the units digit of u?
7
Let u(y) be the second derivative of y**5/20 + y**3/3 + 6*y. Let z be 3/(-6)*-4 + 0. What is the units digit of u(z)?
2
Suppose 2*r - a = -0*r + 2, 5*r = -2*a - 4. Let c be 11 + 0 + 9/(-3). Let t = c - r. What is the units digit of t?
8
Suppose -2*i = -5*i + 84. Suppose y = -y + i. What is the units digit of y?
4
Suppose -14 = 2*l + 5*s, 4*l + 5*s + 0*s + 28 = 0. Let x = l - -13. What is the units digit of x?
6
What is the units digit of (-3)/(-21)*2 + (-12)/(-7)?
2
What is the units digit of 40/(-6)*(-10 + 7)?
0
Let i = -41 + 103. What is the tens digit of i?
6
Let t = 24 + 9. What is the units digit of t?
3
Let p = -42 - -134. What is the tens digit of p?
9
Suppose 12 = -0*p - p. Let d = 6 - p. What is the units digit of d?
8
Suppose -6*t + 366 + 222 = 0. What is the tens digit of t?
9
Let t = 76 - 45. Suppose -t = -4*v - 11. What is the units digit of v?
5
Let l(g) = g**3 - 3*g**2 + 5*g - 2. Let w be l(3). Let f = w + -5. What is the units digit of f?
8
Let u(s) = -3*s**2 - 5*s + 2*s**2 + 0 + 2*s**2 + 3. What is the units digit of u(5)?
3
Let w(o) = -o**2 + 3*o + 7. Let p be w(7). What is the units digit of 7*2/p*-6?
4
Suppose -6*a + 166 = -242. What is the tens digit of a?
6
Let g = 34 - 16. What is the units digit of g?
8
Suppose -4*h = -3*u + 18, 14 - 2 = 2*u + 5*h. Let i be 2*1 - (-6 + u). Suppose 2*o + 6 = 4*y - 0*y, -5*o - i*y + 9 = 0. What is the units digit of o?
1
Let f = -35 + 21. What is the units digit of (1/1)/(f/(-182))?
3
Let w = 8 + 4. What is the units digit of w?
2
Suppose -2*p = 3*p - 10. Suppose -p*o = -5*l - 99, -5*o = -o + 4*l - 212. What is the tens digit of o?
5
What is the tens digit of 312/(-16)*(-4)/3?
2
Suppose -10*l + 6*l + 16 = 0. Suppose s - l*c + 10 = 0, -2*c - 6 = -4*s + 10. What is the units digit of s?
6
What is the units digit of 36/(-24) + 119/2?
8
Suppose 0 = -v - 4*h + 31, 0 = 5*v - h - 4*h - 255. What is the tens digit of v?
4
Let s = 112 + -68. What is the units digit of s?
4
Suppose 2*k = -2*z + 150, 302 = -2*z + 6*z + 2*k. What is the tens digit of z?
7
Suppose -3*l = 3*d - 99, -3*d - 99 = -3*l - 6. What is the units digit of l?
2
Let y = 68 - -9. What is the tens digit of y?
7
Suppose -5*c - 238 = -2*v, 2*c = -v - 3*v + 452. What is the hundreds digit of v?
1
Let s = -7 + 9. What is the units digit of s?
2
Let u be (8/(-6))/(4/(-6)). Suppose -v - 5*s = -17, 0 = u*v + 2*s + s - 13. What is the units digit of (-3)/v*(-56)/6?
4
Suppose 5*b - 65 - 325 = 0. Suppose -3*t + 6*t = b. What is the tens digit of t?
2
Let x = -7 - -7. Suppose -10 = -2*f, x*v - 5*f = 4*v - 165. Suppose -3*y - 3 = 2*b - 5, 5*y - v = 3*b. What is the units digit of y?
4
Let o(l) = 12*l - 4. What is the tens digit of o(4)?
4
Let j(s) = -3*s**3 - s**2 - 2*s - 1. Let o be (1 - 0) + 8/8. Suppose 2*z = -o*u - z + 13, -3*u + 2 = z. What is the units digit of j(u)?
3
Let n be -8 + (-3)/(6/4). Let g = n - -11. What is the units digit of g?
1
Suppose 9 = -3*r, 4*v - v - r - 51 = 0. Let k = v - 11. Suppose -k*t + 32 = -8. What is the units digit of t?
8
Suppose l = 2*d - 152, 0*l = -l + 4. What is the units digit of d?
8
Let h be 8/(-52) + 54/13. Let b(y) = -y + 0 + 9 + 0*y. What is the units digit of b(h)?
5
Let n = -133 + 259. What is the tens digit of n?
2
Let h(l) = l - 3. Let g be h(-11). Let w = g + 34. What is the tens digit of w?
2
Suppose -48 = -4*h + 12. Let x = 35 - h. What is the tens digit of x?
2
Let q(t) = -t + 3. Let v be q(-6). Suppose 0 = -v*n + 4*n + 5. What is the units digit of n?
1
Let k(b) = b**2 - b + 2. Suppose 0 = -2*f + 4*f. Let a be k(f). Let i(q) = 2*q**2 + q. What is the units digit of i(a)?
0
What is the hundreds digit of 1/((16/12)/(-4)) + 106?
1
Let q(a) = 2*a - 8. Let t be q(7). Let r be (-10)/t - 4/(-6). What is the units digit of (2/(-1))/(-1 + r)?
1
Let u be (-3)/15 + 177/(-15). Let f = 4 - u. What is the tens digit of f?
1
Let h be 0 - (-2)/((-4)/82). Let i = -16 - h. What is the tens digit of i?
2
Suppose 3*u - 2*u - 23 = -5*j, -2*u = j - 1. Suppose j*d + 3*f = 38, -4*d + 0*d + 29 = f. What is the units digit of d?
7
Let i = 8 + 13. Suppose 0 = -7*g + 4*g + i. What is the units digit of g?
7
Suppose 132 = 4*i + w - 0*w, -5*i - 3*w + 172 = 0. What is the units digit of i?
2
Let f(q) = q**3 - 16. Let d be f(0). Let h be 51/(-5) + 2/10. Let i = h - d. What is the units digit of i?
6
What is the units digit of 6/15 + (-3346)/(-35)?
6
Suppose 4*n + 12 = 4*o, 4*o - 2*n - 6 = -2. What is the tens digit of 10 - -1 - (o + 0)?
1
Suppose -z - 8 = -16. What is the units digit of (z/(-10))/((-8)/60)?
6
Let o(k) = -2 + 0 - 4 + k + 3*k. What is the tens digit of o(5)?
1
Let z(j) = -j + 2*j**2 - 3*j**2 - 1 + 3*j. Let a be z(4). Let p = 13 + a. What is the units digit of p?
4
Suppose m = 3*m - 86. What is the units digit of m?
3
Let m be 2/(-1)*10/(-10). Suppose 2*v - 34 = -5*i, -2*i - m*i - 3*v = -23. What is the units digit of i?
8
Suppose -w - z - 3*z = -363, -5*z + 25 = 0. What is the tens digit of w?
4
Let n(b) = -b**3 - 5*b**2 - 5*b - 5. What is the units digit of n(-5)?
0
Let k be (-6)/(-3) - (1 - -16). What is the tens digit of 22*(k/6 + 3)?
1
Suppose -3*o = i - 3*i + 29, -i - 2*o - 3 = 0. Suppose 4*f + 9 = i*f. What is the units digit of ((-10)/f)/((-6)/9)?
5
Let b = -55 + 25. What is the units digit of -3 - (b + (2 - -1))?
4
Suppose 7*b - 377 = 344. What is the tens digit of b?
0
Suppose -b = w - 46, 2*b - 91 = 5*w - 6*w. What is the units digit of b?
5
Suppose 0*z - 4*z = 5*u + 7, -17 = -z + 5*u. Let x(l) = 4*l**2 + 8*l - l**2 - l**z + 6 - l**2. What is the units digit of x(-8)?
6
Let w be 11/2 - 6/4. Suppose 0 = d - w*d. Suppose 7 + 2 = h - 4*i, -h + 2*i + 7 = d. What is the units digit of h?
5
Let w(l) = l**2 - 2*l + 1. Let p(m) = -m**2 + 5*m - 2. Let r(d) = 2*p(d) + 5*w(d). Let i be r(1). Suppose i = 4*a - 16. What is the units digit of a?
5
Let x = 18 - 19. Suppose 0 = 4*i, -2*c - 36 = 2*c + 5*i. What is the units digit of (c + x + 1)*-1?
9
Suppose 2*v = -v + 36. What is the units digit of (-1 - -7)/(v/16)?
8
Let l(c) be the second derivative of c**6/45 + c**5/120 - c**3/6 - 2*c. Let d(p) be the second derivative of l(p). What is the units digit of d(-1)?
7
Let n = 7 - 1. Suppose -2 - n = 2*c. Let l(z) = -z**3 - 2*z**2 + 5*z + 1. What is the tens digit of l(c)?
1
Suppose -k = -4*k + 21. Suppose -3*i + z = -11, -4*i - z - 2*z - k = 0. What is the tens digit of (-4)/(-8) + 33/i?
1
What is the units digit of (-2)/(-3)*(-9)/(-2)?
3
Let f = 225 - 122. What is the hundreds digit of f?
1
Suppose b = -3*v + 109, 0*v - 563 = -5*b + 3*v. What is the units digit of b?
2
Suppose 5*o - 10 - 10 = 0. Suppose 5*l + 2*y = 60, 2*l - 5*y + o*y = 24. What is the tens digit of l?
1
Let m(a) = -a**3 + 4*a**2 + a. Let p be m(4). Let r(w) = -1. Let u(s) = 2*s + 3. Let j(f) = 2*r(f) + u(f). What is the units digit of j(p)?
9
Let k be (3 + 3)*(-2)/(-4). Let c = 13 + k. What is the tens digit of c?
1
Suppose 3*h + 12 = -0. What is the tens digit of 36*h*9/(-48)?
2
Suppose -19*x + 2842 + 597 = 0. What is the tens digit of x?
8
Let c be 6/(-15) + (-4)/(-10). Let f(d) = -2*d - 5. Let w be f(-7). What is the units digit of (6/w - c)*6?
4
Suppose -5*o + 23 = -5*s - 32, 2*o = 4*s + 22. What is the tens digit of o?
1
Let r be ((-6)/(-5))/(6/(-20)). Let q = -14 - -8. What is the units digit of (4/q)/(r/6)?
1
What is the units digit of 7 + -3 + 25